he hundreds digit of b?
9
Let b(i) = 4590*i**2 + 8*i + 29 - 4591*i**2 + 52 - 8. Let o = 0 - 0. What is the tens digit of b(o)?
7
Suppose -2*t = -4*t + 4*b + 10704, -3*b = 3. What is the tens digit of t?
5
Suppose d + 14 = 15. Let t(q) = 663*q - 4. What is the units digit of t(d)?
9
Let w(m) = m**2 + 24*m - 49. Let f be w(-26). Let z be -4 + f - 3456/(-4). Let y = -608 + z. What is the units digit of y?
5
Suppose -69*n - 280 = -77*n. Suppose -r - n + 159 = j, 4*r - 486 = j. What is the hundreds digit of r?
1
Suppose 0 = 8*x - 2*x + 60. Let n be (-7 - x)/((-3)/(-5)). Suppose 31 = 3*g - 2*c, 69 = 5*g - 4*c + n*c. What is the tens digit of g?
1
Suppose -2*r + 0*b = -b, 4*r - 20 = -3*b. Suppose -5*o - 4 = 6, -5*y + 14 = -2*o. Suppose -4*a + 25 = 3*q, r*q = -y*a - 0 + 14. What is the units digit of a?
4
Let q(w) = -108*w + 86. Let u be q(-7). Suppose -8*k + 7*k + u = 0. What is the tens digit of k?
4
Suppose -6269 = -3*k + v, -5*k + 3*v + 9120 = -1331. Let p = -451 - k. What is the hundreds digit of p/(-15) + ((-2)/(-1))/(-6)?
1
Suppose v = 4*z - 3*z - 7444, 0 = v - 5. What is the tens digit of z?
4
Let n(g) = g**3 + 18*g**2 - 53*g - 54. What is the thousands digit of n(-12)?
1
Let i(b) = 346*b - 619. What is the tens digit of i(11)?
8
Suppose -35*a + 38*a + 3*r = 18969, r = 0. What is the units digit of a?
3
Let g(j) = -j**3 + 60*j**2 - 22*j + 27. What is the units digit of g(21)?
4
Suppose -34*r = 80*r - 642162. What is the units digit of r?
3
Suppose 16*w - 26593 = -4*i + 19*w, 7*i - 4*w = 46539. What is the thousands digit of i?
6
Let b = 29293 + -20385. What is the tens digit of b?
0
Suppose 3*k = -83 + 491. Suppose -4*t - k = -112. Let p(r) = -r**3 - 3*r**2 + 7*r - 1. What is the units digit of p(t)?
5
Suppose -20 = 4*g + 112. What is the hundreds digit of (13 - 300/(-18))*(0 - g)?
9
Let l = -21 - -69. What is the units digit of 764 - 3/(-2)*64/l?
6
Let t = -362 - -208. Let w = 128 - t. What is the tens digit of w?
8
Let l be ((-130)/(-15) + -6)*-36. What is the units digit of ((-31)/4 + 6)/(2/l)?
4
Let f = -66544 + 113747. What is the thousands digit of f?
7
Suppose -8*d = -2153 + 177. What is the units digit of d?
7
Let w(u) = -2414*u - 2069. What is the thousands digit of w(-4)?
7
Let m be 10/45 - (-492)/(-27). What is the units digit of 2 - ((-9)/m)/((-2)/668)?
9
Let z(y) = y**3 - 7*y**2 + 3*y - 22. Let t be z(7). Let w be (247/38)/(t/(-2)). Suppose -w*h + 1484 = 197. What is the units digit of h?
9
Let g(j) = 340*j**3 + j**2 + 7*j - 14. What is the thousands digit of g(2)?
2
Suppose 10*w = 33874 + 10156. What is the hundreds digit of w?
4
Let s be (-189)/(-27) - (-1 - -6). Suppose -43 = -2*t - 5*i, 0*t - s*i = -5*t + 64. What is the units digit of t?
4
Let d be 2/(-8) + 399564/176. Suppose 19*x - 24*x = -d. What is the tens digit of x?
5
What is the hundreds digit of (6416/6)/(3318/144 - 23)?
6
Suppose -41168 = -4*w - 5*h, 2*w + 5674*h - 5679*h - 20554 = 0. What is the ten thousands digit of w?
1
Let z(n) = -408*n - 88. Let t be z(-2). Let c = 245 + t. What is the hundreds digit of c?
9
Suppose 2*s = -s - 4*f - 33, -60 = 3*s - 5*f. Let h = s + -38. Let j = h + 138. What is the tens digit of j?
8
Let x(f) = -2*f**3 - 8*f**2 + 5*f + 1. Let o = 0 - 6. What is the hundreds digit of x(o)?
1
Let z(v) = -8*v**3 + 5*v**2 + 2*v - 9. Let y be z(2). Let d = y - -2049. What is the tens digit of d?
0
Suppose 3*q - 6*q - 366 = 0. Let u = q - -150. What is the units digit of u?
8
Let u(p) = 599*p**2 - 27 + 13*p - 6*p - p**3 - 583*p**2. What is the units digit of u(11)?
5
Suppose -5*y + 172 = 47. What is the hundreds digit of -4 + (-19)/(-5) + 4855/y?
1
Let b = 48174 + -23296. What is the hundreds digit of b?
8
Let j = 91 + -69. Let a = j + -22. Suppose -4*h + h + 225 = a. What is the tens digit of h?
7
Let i(d) = d**3 + 51*d**2 - 224*d + 231. What is the units digit of i(-47)?
5
Let p(y) = -7*y**3 - 2*y**2 - 2*y - 1. Let k be p(-1). Suppose -k*r - 326 = 232. Let q = r + 131. What is the units digit of q?
8
What is the hundreds digit of 3*(2*(-9)/15)/((-4)/4190)?
7
Suppose 0 = -3*s - 2*c + 70, -17*s + 22*s + 5*c = 120. Suppose j = -0*j. Suppose j = -4*x + s - 2. What is the units digit of x?
5
Let d(n) = -147*n - 10. Let j = 94 + -95. What is the hundreds digit of d(j)?
1
Let r = 20 - 23. Let f be ((-2)/12)/(r/9)*-2. What is the tens digit of (-250)/8*(-3 + f)?
2
What is the units digit of 46/9*-201*(6 - 3 - 6)?
2
Suppose -p - 38 = -v, 0 = 2*v - 3*p - 26 - 49. What is the hundreds digit of (-2)/(-13) - 1/v*-25149?
6
Suppose 298 = -14*z + 15*z. Suppose -z - 308 = -3*u. What is the hundreds digit of u?
2
Let t(p) = -14*p**2 - 1. Let d be 3 + -8 - (0 + (2 - 2)). Let h(k) = k + 1. Let r(j) = d*h(j) - t(j). What is the units digit of r(3)?
7
Suppose c + 3 = 3*w, 2*w + 7 - 4 = -c. Suppose -2*l - 544 = -3*h - 38, 3*h + 5*l - 478 = w. What is the units digit of h?
6
Suppose -590939 - 2287525 = -146*a + 409894. What is the hundreds digit of a?
5
Suppose 13*y = -18*y + 74538 + 80090. What is the hundreds digit of y?
9
Suppose 5*n - 6*n - 43 = 0. Let g = -39 - n. What is the units digit of g/18 - (-644)/18?
6
Suppose -4*w + 45 = -27. Suppose 5*o + 3 = w. What is the tens digit of (-10)/o*(-126)/5?
8
Let a(x) = -306*x**3 + 11*x**2 + 51*x - 3. What is the units digit of a(-3)?
5
Suppose 279261 = -77*r + 37*r + 936861. What is the ten thousands digit of r?
1
Let t = -566 - -815. Suppose -7*n - t = -4*n. Let i = n - -156. What is the units digit of i?
3
Let h(o) = -1319*o + 35636. What is the thousands digit of h(0)?
5
Suppose -5*i - 4*b + 2516 = 0, -2*i = -0*i + 4*b - 1004. Suppose -77*s + i = -63*s. What is the tens digit of s?
3
Let p = -78 + 83. Let q(c) = -1 + 12*c + 16*c**2 - p*c**2 + 30*c**2 - 9*c. What is the tens digit of q(2)?
6
Suppose 2*q = s - 285, -q - q - s - 275 = 0. Let y = -76 - q. Let n = 281 - y. What is the hundreds digit of n?
2
Let r = 151 - 41. Let s = r + -39. Suppose -69*a - 92 = -s*a. What is the units digit of a?
6
Suppose -5*a + 3*n + 52749 = 0, -5*a + 9*a - 42148 = -4*n. What is the tens digit of a?
4
Let n(h) = -h**3 - 89*h**2 - 123*h - 533. What is the ten thousands digit of n(-93)?
4
Suppose 86*b - 1327550 + 408418 = 1119326. What is the hundreds digit of b?
7
Suppose 4*s + 80999 - 24655 = c, -2*s - 281666 = -5*c. What is the tens digit of c?
3
Let c(q) = q**2 - 4*q + 6. Let i(k) = -23 - 7*k + 19*k - 8*k. Let t be i(7). What is the units digit of c(t)?
1
Let p = 134 + 1527. Let d = -906 + p. What is the units digit of d?
5
Suppose 2*n - 4*v - 32296 = 0, v - 48435 = -3*n + 4*v. What is the ten thousands digit of n?
1
Suppose -3399 = -u - 4*w, 6*u = 15*u - 2*w - 30401. What is the units digit of u?
9
Suppose -2*o + 40858 = 7*o - 263. What is the units digit of o?
9
Let g = -202 + 256. Suppose -15*y + 13*y + g = 0. What is the units digit of y?
7
Suppose 8*f + 64274 = 22*f. Suppose 0 = 15*h - 869 - f. What is the units digit of h?
4
Suppose 0 = -4*k + 9022 + 5610. What is the thousands digit of k?
3
Let l be 1/5 + (-258)/15. Let o(s) = 2*s**2 + 25*s + 72. What is the units digit of o(l)?
5
Suppose 23*h = 42*h + 22*h - 387983. What is the units digit of h?
3
Let c = 43658 + -19792. What is the hundreds digit of c?
8
Let i be 33*(-58)/(-9)*3. Let z = -346 + i. What is the hundreds digit of z?
2
Suppose 3*l = l - 118. Let x = 73 + l. Suppose -11*o + x*o - 300 = 0. What is the units digit of o?
0
Let u = 351 - 357. What is the tens digit of (2031/u)/((-2)/4)?
7
Suppose -23*a - 3 - 20 = 0. What is the units digit of a/(((-1)/(-738))/((-2)/3))?
2
What is the thousands digit of (6586/4)/(2398/88 - 27)?
6
Let o(l) = 5*l**2 + 16*l + 5. Let u(f) = -13*f**3 - 3*f**2 - 6*f - 4. Let w be u(-1). What is the tens digit of o(w)?
1
Let h be (-276)/18 - ((-21)/9 - -3). What is the hundreds digit of 19/76 - 8684/h?
5
Suppose p + b - 432 = 0, 2*p - 44 - 822 = -3*b. What is the hundreds digit of p?
4
Let o be 10652/(-4) + (2 + 2 - 1). Let w = -1699 - o. What is the tens digit of w?
6
Suppose 0 = -3*s + s - 2*q - 4, 5*q + 18 = -s. Suppose -v + 3*z + s*z = -27, 15 = -3*z. What is the tens digit of (-12)/(-16)*(42 + v)?
3
What is the ten thousands digit of 38 + -43 - (-696312)/8?
8
Let k be (-4)/6 - (250684/(-12))/(-7). Let t be 0 + -1 + k/(-15). Suppose 2*y